{"id":2943,"date":"2018-08-31T06:04:54","date_gmt":"2018-08-31T06:04:54","guid":{"rendered":"http:\/\/dopaminecontent.com\/v1\/contact-us-v5\/"},"modified":"2024-05-14T16:58:03","modified_gmt":"2024-05-14T21:58:03","slug":"contacto","status":"publish","type":"page","link":"https:\/\/dopaminecontent.com\/content\/contacto\/","title":{"rendered":"Contacto"},"content":{"rendered":"<section class=\"wpb-content-wrapper\"><p>[vc_row padding_top_multiplier=\u00bb\u00bb padding_bottom_multiplier=\u00bb\u00bb rc_bg_type=\u00bbgradient\u00bb rc_bg_gradient_color_1=\u00bb#ffffff\u00bb rc_bg_gradient_color_2=\u00bb#f8f8fb\u00bb][vc_column width=\u00bb5\/12&#8243; vertical_content_position=\u00bbmiddle\u00bb]<h3 class=\"eut-element eut-title eut-align-inherit eut-h3 eut-increase-heading eut-heading-140\" style=\"\"><span>Est\u00e1s a un paso de contar grandes historias<\/span><\/h3>[vc_column_text]Cont\u00e1ctanos y en breve, un ejecutivo te atender\u00e1[\/vc_column_text]<div class=\"eut-empty-space eut-height-1x\" style=\"\"><\/div><h3 class=\"eut-element eut-title eut-align-inherit eut-h6\" style=\"\"><span>Tel\u00e9fono: 5255 1720 1363<\/span><\/h3><h3 class=\"eut-element eut-title eut-align-inherit eut-h6\" style=\"\"><span>Email: <a href=\"mailto:comunicacion@dopamine.mx\">comunicacion@dopamine.mx<\/a><\/span><\/h3><h3 class=\"eut-element eut-title eut-align-inherit eut-h6\" style=\"\"><span>Direcci\u00f3n M\u00e9xico: Perif\u00e9rico Sur 4121, Picacho Ajusco, Tlalpan 14140 Ciudad de M\u00e9xico, CDMX.<\/span><\/h3>[\/vc_column][vc_column width=\u00bb7\/12&#8243; content_width=\u00bb70&#8243; horizontal_content_position=\u00bbcenter\u00bb column_custom_position=\u00bbyes\u00bb position_top=\u00bb4x\u00bb tablet_content_width=\u00bbreset\u00bb tablet_sm_content_width=\u00bbreset\u00bb mobile_content_width=\u00bbreset\u00bb z_index=\u00bb3&#8243;][vc_row_inner padding_top_multiplier=\u00bb\u00bb padding_bottom_multiplier=\u00bb\u00bb rc_font_color=\u00bb#000000&#8243;][vc_column_inner rc_heading_color=\u00bblight\u00bb rc_bg_type=\u00bbgradient\u00bb rc_bg_gradient_color_1=\u00bb#f6e948&#8243; rc_bg_gradient_color_2=\u00bb#f6e948&#8243; rc_bg_gradient_direction=\u00bb135&#8243; rc_add_shadow=\u00bbmedium-shadow\u00bb css=\u00bb.vc_custom_1585098503774{padding-top: 16% !important;padding-right: 16% !important;padding-bottom: 16% !important;padding-left: 16% !important;border-radius: 10px !important;}\u00bb]<div class=\"wpforms-container wpforms-container-full\" id=\"wpforms-5672\"><form id=\"wpforms-form-5672\" class=\"wpforms-validate wpforms-form\" data-formid=\"5672\" method=\"post\" enctype=\"multipart\/form-data\" action=\"\/content\/wp-json\/wp\/v2\/pages\/2943#wpforms-5672\"><div class=\"wpforms-field-container\"><div id=\"wpforms-5672-field_1-container\" class=\"wpforms-field wpforms-field-text\" data-field-id=\"1\"><label class=\"wpforms-field-label wpforms-label-hide\" for=\"wpforms-5672-field_1\">NOMBRE <span class=\"wpforms-required-label\">*<\/span><\/label><input type=\"text\" id=\"wpforms-5672-field_1\" class=\"wpforms-field-large wpforms-field-required\" name=\"wpforms[fields][1]\" placeholder=\"NOMBRE\" required><\/div><div id=\"wpforms-5672-field_2-container\" class=\"wpforms-field wpforms-field-phone wpforms-one-half wpforms-first\" data-field-id=\"2\"><label class=\"wpforms-field-label wpforms-label-hide\" for=\"wpforms-5672-field_2\">TEL\u00c9FONO <span class=\"wpforms-required-label\">*<\/span><\/label><input type=\"tel\" id=\"wpforms-5672-field_2\" class=\"wpforms-field-large wpforms-field-required\" name=\"wpforms[fields][2]\" placeholder=\"TEL\u00c9FONO\" required><\/div><div id=\"wpforms-5672-field_3-container\" class=\"wpforms-field wpforms-field-email wpforms-one-half\" data-field-id=\"3\"><label class=\"wpforms-field-label wpforms-label-hide\" for=\"wpforms-5672-field_3\">CORREO <span class=\"wpforms-required-label\">*<\/span><\/label><input type=\"email\" id=\"wpforms-5672-field_3\" class=\"wpforms-field-large wpforms-field-required\" name=\"wpforms[fields][3]\" placeholder=\"CORREO\" required><\/div><div id=\"wpforms-5672-field_4-container\" class=\"wpforms-field wpforms-field-text\" data-field-id=\"4\"><label class=\"wpforms-field-label wpforms-label-hide\" for=\"wpforms-5672-field_4\">MENSAJE <span class=\"wpforms-required-label\">*<\/span><\/label><input type=\"text\" id=\"wpforms-5672-field_4\" class=\"wpforms-field-large wpforms-field-required\" name=\"wpforms[fields][4]\" placeholder=\"MENSAJE\" required><\/div><\/div><div class=\"wpforms-field wpforms-field-hp\" id=\"wpform-field-hp\"><label for=\"wpforms-field_hp\" class=\"wpforms-field-label\">Name<\/label><input type=\"text\" name=\"wpforms[hp]\" id=\"wpforms-field_hp\" class=\"wpforms-field-medium\"><\/div><div class=\"wpforms-submit-container\" ><input type=\"hidden\" name=\"wpforms[id]\" value=\"5672\"><input type=\"hidden\" name=\"wpforms[author]\" value=\"1\"><button type=\"submit\" name=\"wpforms[submit]\" class=\"wpforms-submit \" id=\"wpforms-submit-5672\" value=\"wpforms-submit\" data-alt-text=\"Enviando...\">Enviar<\/button><\/div><\/form><\/div>[vc_column_text]<\/p>\n<p style=\"text-align: center;\">\u201cToda la informaci\u00f3n contenida en este sitio es exclusivamente con fines informativos\u201d<\/p>\n<p>[\/vc_column_text][\/vc_column_inner][\/vc_row_inner][\/vc_column][\/vc_row][vc_row section_type=\u00bbfullwidth\u00bb padding_top_multiplier=\u00bb\u00bb padding_bottom_multiplier=\u00bb\u00bb][vc_column][vc_raw_html]JTNDaWZyYW1lJTIwc3JjJTNEJTIyaHR0cHMlM0ElMkYlMkZ3d3cuZ29vZ2xlLmNvbSUyRm1hcHMlMkZlbWJlZCUzRnBiJTNEJTIxMW0xOCUyMTFtMTIlMjExbTMlMjExZDM3NjUuNDYwODA5MjYwODc4MiUyMTJkLTk5LjIxMTkxMzk4NzcyMDExJTIxM2QxOS4zMDU4MDAzODE4NzE1JTIxMm0zJTIxMWYwJTIxMmYwJTIxM2YwJTIxM20yJTIxMWkxMDI0JTIxMmk3NjglMjE0ZjEzLjElMjEzbTMlMjExbTIlMjExczB4ODVjZGZmYzcyYWIzNmZhZCUyNTNBMHhlOGE1OTNmZTlmMzc4NWRhJTIxMnNQZXJpZmVyaWNvJTI1MjBTdXIlMjUyMDQxMjElMjUyQyUyNTIwSmFyZGluZXMlMjUyMGRlbCUyNTIwUGVkcmVnYWwlMjUyQyUyNTIwVGxhbHBhbiUyNTJDJTI1MjAwMTkwMCUyNTIwQ2l1ZGFkJTI1MjBkZSUyNTIwTSUyNUMzJTI1QTl4aWNvJTI1MkMlMjUyMENETVglMjE1ZTAlMjEzbTIlMjExc2VzLTQxOSUyMTJzbXglMjE0djE3MDYzNzg0MzYxNDklMjE1bTIlMjExc2VzLTQxOSUyMTJzbXglMjIlMjB3aWR0aCUzRCUyMjIwMDAlMjIlMjBoZWlnaHQlM0QlMjI1NTAlMjIlMjBzdHlsZSUzRCUyMmJvcmRlciUzQTAlM0IlMjIlMjBhbGxvd2Z1bGxzY3JlZW4lM0QlMjIlMjIlMjBsb2FkaW5nJTNEJTIybGF6eSUyMiUyMHJlZmVycmVycG9saWN5JTNEJTIybm8tcmVmZXJyZXItd2hlbi1kb3duZ3JhZGUlMjIlM0UlM0MlMkZpZnJhbWUlM0U=[\/vc_raw_html][\/vc_column][\/vc_row]<\/p>\n<\/section>","protected":false},"excerpt":{"rendered":"<p>[vc_row padding_top_multiplier=\u00bb\u00bb padding_bottom_multiplier=\u00bb\u00bb rc_bg_type=\u00bbgradient\u00bb rc_bg_gradient_color_1=\u00bb#ffffff\u00bb rc_bg_gradient_color_2=\u00bb#f8f8fb\u00bb][vc_column width=\u00bb5\/12&#8243; vertical_content_position=\u00bbmiddle\u00bb][vc_column_text]Cont\u00e1ctanos y en breve, un ejecutivo te atender\u00e1[\/vc_column_text][\/vc_column][vc_column width=\u00bb7\/12&#8243; content_width=\u00bb70&#8243; horizontal_content_position=\u00bbcenter\u00bb column_custom_position=\u00bbyes\u00bb position_top=\u00bb4x\u00bb tablet_content_width=\u00bbreset\u00bb tablet_sm_content_width=\u00bbreset\u00bb mobile_content_width=\u00bbreset\u00bb z_index=\u00bb3&#8243;][vc_row_inner padding_top_multiplier=\u00bb\u00bb padding_bottom_multiplier=\u00bb\u00bb rc_font_color=\u00bb#000000&#8243;][vc_column_inner rc_heading_color=\u00bblight\u00bb rc_bg_type=\u00bbgradient\u00bb rc_bg_gradient_color_1=\u00bb#f6e948&#8243; rc_bg_gradient_color_2=\u00bb#f6e948&#8243; rc_bg_gradient_direction=\u00bb135&#8243; rc_add_shadow=\u00bbmedium-shadow\u00bb css=\u00bb.vc_custom_1585098503774{padding-top: 16% !important;padding-right: 16% !important;padding-bottom: 16% !important;padding-left: 16% !important;border-radius: 10px !important;}\u00bb][vc_column_text] \u201cToda la informaci\u00f3n contenida en este sitio es exclusivamente con fines [&hellip;]<\/p>\n","protected":false},"author":1,"featured_media":0,"parent":0,"menu_order":40,"comment_status":"closed","ping_status":"closed","template":"","meta":{"footnotes":""},"_links":{"self":[{"href":"https:\/\/dopaminecontent.com\/content\/wp-json\/wp\/v2\/pages\/2943"}],"collection":[{"href":"https:\/\/dopaminecontent.com\/content\/wp-json\/wp\/v2\/pages"}],"about":[{"href":"https:\/\/dopaminecontent.com\/content\/wp-json\/wp\/v2\/types\/page"}],"author":[{"embeddable":true,"href":"https:\/\/dopaminecontent.com\/content\/wp-json\/wp\/v2\/users\/1"}],"replies":[{"embeddable":true,"href":"https:\/\/dopaminecontent.com\/content\/wp-json\/wp\/v2\/comments?post=2943"}],"version-history":[{"count":32,"href":"https:\/\/dopaminecontent.com\/content\/wp-json\/wp\/v2\/pages\/2943\/revisions"}],"predecessor-version":[{"id":8858,"href":"https:\/\/dopaminecontent.com\/content\/wp-json\/wp\/v2\/pages\/2943\/revisions\/8858"}],"wp:attachment":[{"href":"https:\/\/dopaminecontent.com\/content\/wp-json\/wp\/v2\/media?parent=2943"}],"curies":[{"name":"wp","href":"https:\/\/api.w.org\/{rel}","templated":true}]}}